{"id":28262,"date":"2024-06-15T19:47:55","date_gmt":"2024-06-15T17:47:55","guid":{"rendered":"https:\/\/operacarlofelicegenova.it\/?post_type=show&#038;p=28262"},"modified":"2025-06-18T09:42:47","modified_gmt":"2025-06-18T07:42:47","slug":"fin-de-siecle","status":"publish","type":"show","link":"https:\/\/operacarlofelicegenova.it\/en\/show\/fin-de-siecle\/","title":{"rendered":"Fin de Si\u00e8cle"},"content":{"rendered":"\n<div style=\"height:40px\" aria-hidden=\"true\" class=\"wp-block-spacer\"><\/div>\n\n<p><strong>ERIK SATIE<\/strong><br\/><em>Gymnop\u00e9dies<\/em> <em>No. 1 and No. 3<\/em><br\/>(orchestration by Claude Debussy)<\/p>\n\n<p><strong>MAURICE RAVEL<\/strong><br\/><em>Tzigane <\/em>\u2013 Concert Rhapsody for Violin and Orchestra<\/p>\n\n<p><strong>JULES MASSENET<\/strong><br\/><em>M\u00e9ditation<\/em> from <em>Tha\u00efs<\/em><\/p>\n\n<p><strong>P\u00cbTR IL&#8217;I\u010c \u010cAJKOVSKIJ<\/strong><br\/><em>Romeo and Juliet<\/em> overture-fantasy<\/p>\n\n<p><strong>IGOR&#8217; STRAVINSKIJ<\/strong><br\/><em>L\u2019oiseau de feu <\/em>(Suite 1919)<\/p>\n\n<div style=\"height:40px\" aria-hidden=\"true\" class=\"wp-block-spacer\"><\/div>\n\n<p>Violin<br\/><strong>Elisabetta Garetti<\/strong><\/p>\n\n<p>Conductor<br\/><strong>Donato Renzetti<\/strong><\/p>\n\n<p><strong>Opera Carlo Felice Genova Orchestra<\/strong><\/p>\n\n<div style=\"height:100px\" aria-hidden=\"true\" class=\"wp-block-spacer\"><\/div>\n\n<p><\/p>\n","protected":false},"excerpt":{"rendered":"<p>Donato Renzetti conducts the Opera Carlo Felice Genoa Orchestra for the end-of-season concert<\/p>\n","protected":false},"featured_media":27745,"template":"","discipline":[205],"season":[460],"tag_spettacoli":[36,611,154,158,40],"class_list":["post-28262","show","type-show","status-publish","has-post-thumbnail","hentry","tag_spettacoli-donato-renzetti","tag_spettacoli-elisabetta-garetti","tag_spettacoli-opera-carlo-felice-genova","tag_spettacoli-orchestra-dellopera-carlo-felice-genova","tag_spettacoli-teatro-carlo-felice"],"acf":[],"_links":{"self":[{"href":"https:\/\/operacarlofelicegenova.it\/en\/wp-json\/wp\/v2\/show\/28262","targetHints":{"allow":["GET"]}}],"collection":[{"href":"https:\/\/operacarlofelicegenova.it\/en\/wp-json\/wp\/v2\/show"}],"about":[{"href":"https:\/\/operacarlofelicegenova.it\/en\/wp-json\/wp\/v2\/types\/show"}],"version-history":[{"count":0,"href":"https:\/\/operacarlofelicegenova.it\/en\/wp-json\/wp\/v2\/show\/28262\/revisions"}],"wp:featuredmedia":[{"embeddable":true,"href":"https:\/\/operacarlofelicegenova.it\/en\/wp-json\/wp\/v2\/media\/27745"}],"wp:attachment":[{"href":"https:\/\/operacarlofelicegenova.it\/en\/wp-json\/wp\/v2\/media?parent=28262"}],"wp:term":[{"taxonomy":"discipline","embeddable":true,"href":"https:\/\/operacarlofelicegenova.it\/en\/wp-json\/wp\/v2\/discipline?post=28262"},{"taxonomy":"season","embeddable":true,"href":"https:\/\/operacarlofelicegenova.it\/en\/wp-json\/wp\/v2\/season?post=28262"},{"taxonomy":"tag_spettacoli","embeddable":true,"href":"https:\/\/operacarlofelicegenova.it\/en\/wp-json\/wp\/v2\/tag_spettacoli?post=28262"}],"curies":[{"name":"wp","href":"https:\/\/api.w.org\/{rel}","templated":true}]}}

Fin de Siècle

<div style="height:40px" aria-hidden="true" class="wp-block-spacer"></div>

<p><strong>ERIK SATIE</strong><br/><em>Gymnopédies</em> <em>No. 1 and No. 3</em><br/>(orchestration by Claude Debussy)</p>

<p><strong>MAURICE RAVEL</strong><br/><em>Tzigane </em>– Concert Rhapsody for Violin and Orchestra</p>

<p><strong>JULES MASSENET</strong><br/><em>Méditation</em> from <em>Thaïs</em></p>

<p><strong>PËTR IL&#8217;IČ ČAJKOVSKIJ</strong><br/><em>Romeo and Juliet</em> overture-fantasy</p>

<p><strong>IGOR&#8217; STRAVINSKIJ</strong><br/><em>L’oiseau de feu </em>(Suite 1919)</p>

<div style="height:40px" aria-hidden="true" class="wp-block-spacer"></div>

<p>Violin<br/><strong>Elisabetta Garetti</strong></p>

<p>Conductor<br/><strong>Donato Renzetti</strong></p>

<p><strong>Opera Carlo Felice Genova Orchestra</strong></p>

<div style="height:100px" aria-hidden="true" class="wp-block-spacer"></div>

<p></p>
