{"id":35672,"date":"2025-07-02T12:01:14","date_gmt":"2025-07-02T10:01:14","guid":{"rendered":"https:\/\/operacarlofelicegenova.it\/?post_type=show&#038;p=35672"},"modified":"2026-01-27T16:14:41","modified_gmt":"2026-01-27T15:14:41","slug":"russia-america","status":"publish","type":"show","link":"https:\/\/operacarlofelicegenova.it\/en\/show\/russia-america\/","title":{"rendered":"Russia &amp; America"},"content":{"rendered":"\n<div style=\"height:40px\" aria-hidden=\"true\" class=\"wp-block-spacer\"><\/div>\n\n<p>Conductor<br\/>Christopher Franklin<\/p>\n\n<p>Violin<br\/>Francesca Dego<\/p>\n\n<div style=\"height:40px\" aria-hidden=\"true\" class=\"wp-block-spacer\"><\/div>\n\n<p><strong>P\u00ebtr Il&#8217;i\u010d \u010cajkovskij<\/strong><br\/><em>Melancholic serenade in B flat minor<\/em> op. 26<\/p>\n\n<p><strong>Samuel Barber<\/strong><br\/><em>Concerto for violin and orchestra<\/em> op. 14<\/p>\n\n<p><strong>Aleksandr Borodin<\/strong><br\/><em>Symphony n. 2 in B minor<\/em><\/p>\n\n<div style=\"height:20px\" aria-hidden=\"true\" class=\"wp-block-spacer\"><\/div>\n\n<p><br\/><strong>Orchestra della Fondazione Teatro Carlo Felice di Genova<\/strong><\/p>\n\n<div style=\"height:69px\" aria-hidden=\"true\" class=\"wp-block-spacer\"><\/div>\n\n<p class=\"has-text-align-center\"><em><em>The concert is recorded by Radio Rai.<\/em><\/em><\/p>\n\n<div style=\"height:100px\" aria-hidden=\"true\" class=\"wp-block-spacer\"><\/div>\n","protected":false},"excerpt":{"rendered":"<p>Christopher Franklin conducts the Orchestra della Fondazione Carlo Felice. Solo violinist Francesca Dego. Music by Tchaikovsky, Barber, and Borodin  <\/p>\n","protected":false},"featured_media":35560,"template":"","discipline":[205],"season":[819],"tag_spettacoli":[],"class_list":["post-35672","show","type-show","status-publish","has-post-thumbnail","hentry"],"acf":[],"_links":{"self":[{"href":"https:\/\/operacarlofelicegenova.it\/en\/wp-json\/wp\/v2\/show\/35672","targetHints":{"allow":["GET"]}}],"collection":[{"href":"https:\/\/operacarlofelicegenova.it\/en\/wp-json\/wp\/v2\/show"}],"about":[{"href":"https:\/\/operacarlofelicegenova.it\/en\/wp-json\/wp\/v2\/types\/show"}],"version-history":[{"count":1,"href":"https:\/\/operacarlofelicegenova.it\/en\/wp-json\/wp\/v2\/show\/35672\/revisions"}],"predecessor-version":[{"id":41133,"href":"https:\/\/operacarlofelicegenova.it\/en\/wp-json\/wp\/v2\/show\/35672\/revisions\/41133"}],"wp:featuredmedia":[{"embeddable":true,"href":"https:\/\/operacarlofelicegenova.it\/en\/wp-json\/wp\/v2\/media\/35560"}],"wp:attachment":[{"href":"https:\/\/operacarlofelicegenova.it\/en\/wp-json\/wp\/v2\/media?parent=35672"}],"wp:term":[{"taxonomy":"discipline","embeddable":true,"href":"https:\/\/operacarlofelicegenova.it\/en\/wp-json\/wp\/v2\/discipline?post=35672"},{"taxonomy":"season","embeddable":true,"href":"https:\/\/operacarlofelicegenova.it\/en\/wp-json\/wp\/v2\/season?post=35672"},{"taxonomy":"tag_spettacoli","embeddable":true,"href":"https:\/\/operacarlofelicegenova.it\/en\/wp-json\/wp\/v2\/tag_spettacoli?post=35672"}],"curies":[{"name":"wp","href":"https:\/\/api.w.org\/{rel}","templated":true}]}}

<div style="height:40px" aria-hidden="true" class="wp-block-spacer"></div>

<p>Conductor<br/>Christopher Franklin</p>

<p>Violin<br/>Francesca Dego</p>

<div style="height:40px" aria-hidden="true" class="wp-block-spacer"></div>

<p><strong>Pëtr Il&#8217;ič Čajkovskij</strong><br/><em>Melancholic serenade in B flat minor</em> op. 26</p>

<p><strong>Samuel Barber</strong><br/><em>Concerto for violin and orchestra</em> op. 14</p>

<p><strong>Aleksandr Borodin</strong><br/><em>Symphony n. 2 in B minor</em></p>

<div style="height:20px" aria-hidden="true" class="wp-block-spacer"></div>

<p><br/><strong>Orchestra della Fondazione Teatro Carlo Felice di Genova</strong></p>

<div style="height:69px" aria-hidden="true" class="wp-block-spacer"></div>

<p class="has-text-align-center"><em><em>The concert is recorded by Radio Rai.</em></em></p>

<div style="height:100px" aria-hidden="true" class="wp-block-spacer"></div>
